of 744 and 1176?
24
Calculate the greatest common factor of 16135 and 105.
35
What is the highest common factor of 53 and 1802?
53
Calculate the greatest common factor of 26 and 2314.
26
What is the greatest common divisor of 327 and 3?
3
Calculate the highest common divisor of 1598 and 987.
47
Calculate the highest common factor of 663 and 102.
51
Calculate the greatest common divisor of 245 and 1666.
49
Calculate the greatest common divisor of 1776 and 12.
12
Calculate the highest common divisor of 798 and 684.
114
What is the highest common divisor of 7 and 77?
7
Calculate the highest common divisor of 4471 and 1841.
263
What is the greatest common factor of 2 and 614?
2
Calculate the highest common factor of 6142 and 166.
166
Calculate the highest common divisor of 70 and 110.
10
What is the highest common divisor of 123 and 1025?
41
Calculate the greatest common factor of 7227 and 198.
99
What is the highest common divisor of 198 and 261?
9
What is the greatest common factor of 126 and 9492?
42
Calculate the highest common factor of 14135 and 55.
55
What is the highest common divisor of 286 and 26?
26
What is the greatest common factor of 2694 and 6?
6
Calculate the highest common factor of 140 and 190.
10
Calculate the greatest common factor of 5833 and 19.
19
Calculate the greatest common factor of 2497 and 44.
11
Calculate the greatest common divisor of 87 and 435.
87
Calculate the highest common factor of 272 and 48.
16
Calculate the greatest common divisor of 994 and 70.
14
Calculate the greatest common factor of 210 and 24.
6
What is the greatest common factor of 1377 and 2601?
153
Calculate the greatest common divisor of 36 and 558.
18
What is the highest common factor of 2430 and 90?
90
What is the greatest common divisor of 102 and 18?
6
What is the highest common factor of 9591 and 69?
69
What is the highest common factor of 567 and 63?
63
What is the greatest common factor of 3 and 1119?
3
What is the highest common factor of 612 and 1377?
153
Calculate the greatest common factor of 306 and 238.
34
Calculate the greatest common divisor of 5040 and 441.
63
What is the greatest common divisor of 33597 and 9?
9
Calculate the highest common divisor of 2800 and 56.
56
What is the greatest common factor of 76 and 5662?
38
What is the greatest common factor of 14 and 889?
7
Calculate the greatest common divisor of 949 and 26.
13
What is the highest common divisor of 9 and 879?
3
Calculate the highest common factor of 1340 and 30.
10
Calculate the greatest common factor of 1257 and 14665.
419
Calculate the greatest common divisor of 2751 and 28.
7
Calculate the highest common divisor of 950 and 76.
38
Calculate the greatest common factor of 20 and 76.
4
Calculate the highest common divisor of 120 and 405.
15
What is the greatest common divisor of 7566 and 873?
291
Calculate the greatest common factor of 253 and 115.
23
Calculate the highest common divisor of 208 and 299.
13
What is the greatest common factor of 70 and 385?
35
What is the highest common factor of 243 and 2592?
81
Calculate the highest common factor of 1266 and 30.
6
What is the greatest common factor of 47 and 2?
1
Calculate the greatest common divisor of 2108 and 272.
68
Calculate the greatest common divisor of 7296 and 19.
19
Calculate the highest common factor of 6 and 32.
2
What is the greatest common factor of 726 and 18?
6
Calculate the greatest common divisor of 5 and 305.
5
Calculate the greatest common factor of 2424 and 240.
24
What is the greatest common divisor of 4216 and 1116?
124
Calculate the highest common factor of 3968 and 62.
62
What is the highest common divisor of 2116 and 23?
23
Calculate the greatest common divisor of 684 and 36.
36
What is the highest common factor of 1960 and 80?
40
What is the highest common factor of 2097 and 81?
9
What is the highest common divisor of 188 and 11374?
94
What is the highest common factor of 729 and 3?
3
Calculate the greatest common divisor of 67 and 1.
1
Calculate the highest common divisor of 774 and 172.
86
What is the highest common divisor of 159 and 424?
53
Calculate the highest common factor of 34 and 16.
2
What is the highest common divisor of 19 and 1007?
19
What is the greatest common factor of 354 and 44958?
354
Calculate the greatest common factor of 25 and 560.
5
Calculate the highest common divisor of 14 and 9422.
14
What is the highest common divisor of 8 and 12088?
8
Calculate the highest common divisor of 3 and 129.
3
Calculate the greatest common divisor of 132 and 324.
12
Calculate the highest common divisor of 21 and 309.
3
Calculate the greatest common divisor of 3959 and 185.
37
Calculate the greatest common divisor of 190 and 290.
10
What is the highest common divisor of 108 and 216?
108
Calculate the highest common factor of 13 and 11791.
13
Calculate the greatest common divisor of 70 and 980.
70
What is the highest common divisor of 9 and 87?
3
What is the highest common divisor of 65 and 182?
13
What is the highest common factor of 2479 and 1072?
67
What is the highest common factor of 30 and 78?
6
What is the greatest common divisor of 36 and 468?
36
What is the highest common factor of 7744 and 220?
44
What is the greatest common factor of 12223 and 34?
17
What is the highest common divisor of 7 and 14?
7
Calculate the highest common factor of 12630 and 5.
5
What is the highest common divisor of 28 and 664?
4
What is the greatest common divisor of 3796 and 52?
52
What is the greatest common factor of 1895 and 5?
5
Calculate the highest common divisor of 5300 and 300.
100
Calculate the greatest common divisor of 121 and 1573.
121
Calculate the greatest common factor of 103 and 3296.
103
Calculate the greatest common divisor of 29 and 1218.
29
What is the greatest common factor of 72640 and 8?
8
What is the highest common factor of 7493 and 59?
59
Calculate the highest common divisor of 1200 and 825.
75
What is the greatest common factor of 392 and 16?
8
What is the greatest common factor of 99 and 72?
9
Calculate the highest common factor of 94 and 517.
47
What is the greatest common divisor of 142 and 13703?
71
Calculate the greatest common divisor of 105 and 2121.
21
Calculate the highest common divisor of 20820 and 120.
60
What is the greatest common factor of 364 and 140?
28
Calculate the highest common divisor of 92 and 1012.
92
Calculate the highest common factor of 900 and 2.
2
What is the greatest common factor of 104 and 468?
52
Calculate the greatest common factor of 52 and 1768.
52
Calculate the highest common factor of 2322 and 54.
54
Calculate the greatest common divisor of 3 and 291.
3
What is the highest common divisor of 442 and 182?
26
What is the highest common divisor of 2132 and 468?
52
Calculate the greatest common divisor of 68 and 3434.
34
Calculate the highest common factor of 338 and 26.
26
What is the highest common factor of 546 and 7?
7
Calculate the greatest common factor of 168 and 2632.
56
What is the highest common divisor of 275 and 7315?
55
Calculate the highest common divisor of 120 and 210.
30
What is the highest common divisor of 180 and 27?
9
Calculate the greatest common factor of 3 and 9.
3
Calculate the greatest common factor of 252 and 12.
12
Calculate the highest common factor of 1162 and 7.
7
Calculate the greatest common factor of 322 and 115.
23
What is the highest common factor of 231 and 1239?
21
What is the greatest common factor of 52 and 1612?
52
What is the highest common divisor of 209 and 297?
11
Calculate the greatest common factor of 702 and 54.
54
What is the highest common factor of 3192 and 840?
168
What is the highest common factor of 126 and 576?
18
What is the greatest common divisor of 42 and 8?
2
Calculate the highest common factor of 72 and 1176.
24
What is the greatest common factor of 1683 and 102?
51
What is the highest common divisor of 2107 and 43?
43
Calculate the highest common divisor of 1916 and 4.
4
What is the greatest common factor of 294 and 12?
6
What is the greatest common factor of 295 and 177?
59
Calculate the greatest common divisor of 74 and 36.
2
What is the highest common factor of 57 and 76?
19
What is the highest common divisor of 22 and 517?
11
What is the highest common factor of 339 and 90